t of 695456?
4
What is the hundreds digit of 175402?
4
What is the hundreds digit of 862345?
3
What is the hundreds digit of 6283834?
8
What is the tens digit of 99357?
5
What is the tens digit of 170896?
9
What is the hundred thousands digit of 2468649?
4
What is the hundreds digit of 655071?
0
What is the tens digit of 563119?
1
What is the units digit of 14097842?
2
What is the hundred thousands digit of 461595?
4
What is the ten thousands digit of 16238795?
3
What is the units digit of 1135799?
9
What is the hundreds digit of 3089802?
8
What is the tens digit of 50698?
9
What is the ten thousands digit of 287807?
8
What is the ten thousands digit of 1799364?
9
What is the hundred thousands digit of 1150275?
1
What is the tens digit of 132166?
6
What is the thousands digit of 627223?
7
What is the tens digit of 328038?
3
What is the hundreds digit of 11559136?
1
What is the thousands digit of 175465?
5
What is the thousands digit of 8103759?
3
What is the units digit of 30169?
9
What is the hundreds digit of 87780?
7
What is the units digit of 67880?
0
What is the hundred thousands digit of 152785?
1
What is the ten thousands digit of 355715?
5
What is the thousands digit of 25069838?
9
What is the units digit of 1721637?
7
What is the units digit of 81865?
5
What is the units digit of 584750?
0
What is the hundreds digit of 355381?
3
What is the thousands digit of 42635?
2
What is the hundred thousands digit of 214992?
2
What is the ten thousands digit of 23312?
2
What is the ten millions digit of 27654505?
2
What is the units digit of 592358?
8
What is the hundreds digit of 2558?
5
What is the tens digit of 851233?
3
What is the thousands digit of 55014?
5
What is the ten thousands digit of 51481?
5
What is the millions digit of 2072243?
2
What is the ten thousands digit of 170968?
7
What is the thousands digit of 593247?
3
What is the ten thousands digit of 329806?
2
What is the millions digit of 3268008?
3
What is the units digit of 371164?
4
What is the tens digit of 83171?
7
What is the hundreds digit of 3391383?
3
What is the ten millions digit of 31780037?
3
What is the millions digit of 3335129?
3
What is the ten thousands digit of 26329?
2
What is the hundred thousands digit of 585225?
5
What is the tens digit of 273105?
0
What is the tens digit of 526233?
3
What is the hundreds digit of 220798?
7
What is the tens digit of 774595?
9
What is the millions digit of 1358112?
1
What is the thousands digit of 12845881?
5
What is the units digit of 2403035?
5
What is the ten thousands digit of 7677305?
7
What is the tens digit of 4375959?
5
What is the millions digit of 3194372?
3
What is the units digit of 9973668?
8
What is the ten thousands digit of 45802?
4
What is the hundreds digit of 8781574?
5
What is the hundred thousands digit of 8636498?
6
What is the tens digit of 10269695?
9
What is the thousands digit of 471815?
1
What is the thousands digit of 10585071?
5
What is the hundreds digit of 187092?
0
What is the hundred thousands digit of 688333?
6
What is the ten thousands digit of 291499?
9
What is the millions digit of 3841734?
3
What is the units digit of 1097386?
6
What is the tens digit of 4788181?
8
What is the hundreds digit of 37658?
6
What is the tens digit of 18717074?
7
What is the thousands digit of 682008?
2
What is the hundred thousands digit of 473503?
4
What is the tens digit of 100112?
1
What is the ten millions digit of 16284504?
1
What is the units digit of 5495840?
0
What is the hundred thousands digit of 215851?
2
What is the ten thousands digit of 1604147?
0
What is the ten thousands digit of 2011620?
1
What is the thousands digit of 68150?
8
What is the tens digit of 296709?
0
What is the hundreds digit of 791046?
0
What is the units digit of 924204?
4
What is the tens digit of 819154?
5
What is the thousands digit of 205412?
5
What is the thousands digit of 250519?
0
What is the ten thousands digit of 548493?
4
What is the thousands digit of 447895?
7
What is the tens digit of 189595?
9
What is the ten thousands digit of 303361?
0
What is the thousands digit of 482379?
2
What is the ten thousands digit of 7341642?
4
What is the ten thousands digit of 118223?
1
What is the thousands digit of 298468?
8
What is the thousands digit of 813587?
3
What is the units digit of 136294?
4
What is the thousands digit of 152980?
2
What is the thousands digit of 61958?
1
What is the thousands digit of 1036713?
6
What is the tens digit of 2040342?
4
What is the tens digit of 3862439?
3
What is the hundred thousands digit of 265277?
2
What is the units digit of 21974253?
3
What is the tens digit of 26229891?
9
What is the units digit of 94509?
9
What is the thousands digit of 89231?
9
What is the hundreds digit of 17456069?
0
What is the ten thousands digit of 1282959?
8
What is the hundred thousands digit of 1331406?
3
What is the units digit of 115876?
6
What is the thousands digit of 51796?
1
What is the hundreds digit of 2635685?
6
What is the tens digit of 8230236?
3
What is the millions digit of 5507290?
5
What is the hundred thousands digit of 327953?
3
What is the thousands digit of 3465110?
5
What is the units digit of 1863040?
0
What is the units digit of 2407123?
3
What is the hundred thousands digit of 9705834?
7
What is the millions digit of 7933892?
7
What is the thousands digit of 311620?
1
What is the thousands digit of 2098906?
8
What is the millions digit of 4167101?
4
What is the hundred thousands digit of 122294?
1
What is the hundred thousands digit of 1842640?
8
What is the units digit of 9407411?
1
What is the thousands digit of 1037778?
7
What is the units digit of 17800?
0
What is the hundred thousands digit of 1744726?
7
What is the tens digit of 302614?
1
What is the hundreds digit of 399603?
6
What is the tens digit of 2416985?
8
What is the tens digit of 36680?
8
What is the units digit of 7333313?
3
What is the units digit of 3258464?
4
What is the thousands digit of 143632?
3
What is the ten thousands digit of 93127?
9
What is the hundred thousands digit of 581128?
5
What is the thousands digit of 3997790?
7
What is the units digit of 4642045?
5
What is the units digit of 111028?
8
What is the thousands digit of 68162?
8
What is the hundred thousands digit of 1294437?
2
What is the ten millions digit of 18359793?
1
What is the hundreds digit of 195047?
0
What is the tens digit of 5848693?
9
What is the thousands digit of 2735203?
5
What is the thousands digit of 3171543?
1
What is the hundreds digit of 167350?
3
What is the thousands digit of 1989148?
9
What is the units digit of 2410961?
1
What is the tens digit of 1244712?
1
What is the ten thousands digit of 828554?
2
What is the ten thousands digit of 8956916?
5
What is the tens digit of 998134?
3
What is the units digit of 534873?
3
What is the ten thousands digit of 527601?
2
What is the thousands digit of 317819?
7
What is the tens digit of 75206?
0
What is the units digit of 6265583?
3
What is the thousands digit of 226725?
6
What is the units digit of 439231?
1
What is the hundreds digit of 1129806?
8
What is the tens digit of 2111168?
6
What is the hundred thousands digit of 717186?
7
What is the ten millions digit of 10538242?
1
What is the units digit of 586918?
8
What is the thousands digit of 19539618?
9
What is the units digit of 3108825?
5
What is the ten thousands digit of 811318?
1
What is the units digit of 28770596?
6
What is the millions digit of 1038292?
1
What is the hundreds digit of 1866086?
0
What is the tens digit of 896084?
8
What is the thousands digit of 6815134?
5
What is the units digit of 23218295?
5
What is the thousands digit of 1082406?
2
What is the hundreds digit of 236127?
1
What is the millions digit of 2041232?
2
What is the ten thousands digit of 276488?
7
What is the hundreds digit of 2451846?
8
What is the millions digit of 10002599?
0
What is the hundred thousands digit of 2251146?
2
What is the units digit of 5023462?
2
What is the thousands digit of 4411232?
1
What is the tens digit of 116622?
2
What is the tens digit of 31235?
3
What is the millions digit of 2736375?
2
What is the tens digit of 289703?
0
What is the units digit of 60080?
0
What is the units digit of 284855?
5
What is the 